the remainder when 346325 is divided by 429.
122
What is the remainder when 58528444 is divided by 85?
79
What is the remainder when 53492 is divided by 4369?
1064
What is the remainder when 161491 is divided by 53406?
1273
Calculate the remainder when 2720773 is divided by 209290.
3
Calculate the remainder when 1300585 is divided by 1300567.
18
What is the remainder when 977377 is divided by 162862?
205
What is the remainder when 500001 is divided by 5148?
645
What is the remainder when 170542 is divided by 408?
406
What is the remainder when 603389 is divided by 301605?
179
What is the remainder when 979323 is divided by 15?
3
What is the remainder when 1389481 is divided by 304?
201
What is the remainder when 1188028 is divided by 10?
8
What is the remainder when 12254 is divided by 12230?
24
What is the remainder when 70354 is divided by 8102?
5538
What is the remainder when 3921811 is divided by 5485?
36
What is the remainder when 110556 is divided by 12273?
99
What is the remainder when 314171 is divided by 31415?
21
Calculate the remainder when 149739886 is divided by 44.
10
Calculate the remainder when 643546 is divided by 5407.
113
Calculate the remainder when 54871 is divided by 1272.
175
Calculate the remainder when 103797483 is divided by 10054.
10041
Calculate the remainder when 486775 is divided by 1622.
175
Calculate the remainder when 2336443 is divided by 584091.
79
Calculate the remainder when 9298813 is divided by 1077.
1072
What is the remainder when 4733095 is divided by 173?
161
What is the remainder when 9090506 is divided by 1079?
1010
Calculate the remainder when 50588637 is divided by 3268.
3265
What is the remainder when 1564109 is divided by 1572?
1541
What is the remainder when 459368 is divided by 133?
119
What is the remainder when 3802976 is divided by 40?
16
Calculate the remainder when 50412 is divided by 16606.
594
Calculate the remainder when 1814820 is divided by 259250.
70
What is the remainder when 46447 is divided by 15160?
967
What is the remainder when 17852664 is divided by 71?
69
What is the remainder when 147084 is divided by 180?
24
What is the remainder when 15778878 is divided by 5259597?
87
What is the remainder when 5426420 is divided by 15?
5
Calculate the remainder when 2223337 is divided by 2239.
10
Calculate the remainder when 8098 is divided by 404.
18
Calculate the remainder when 13372719 is divided by 423.
420
Calculate the remainder when 743658 is divided by 67.
25
What is the remainder when 3134858 is divided by 24491?
10
Calculate the remainder when 340802 is divided by 12619.
89
Calculate the remainder when 76261 is divided by 600.
61
What is the remainder when 193305 is divided by 778?
361
What is the remainder when 561256 is divided by 109?
15
What is the remainder when 7966009 is divided by 1995?
1969
Calculate the remainder when 199008 is divided by 33142.
156
What is the remainder when 205282 is divided by 41053?
17
Calculate the remainder when 2260477 is divided by 753254.
715
What is the remainder when 29836963 is divided by 39?
13
What is the remainder when 970875 is divided by 49?
38
What is the remainder when 184641 is divided by 338?
93
What is the remainder when 346876 is divided by 86?
38
What is the remainder when 38852873 is divided by 12950950?
23
Calculate the remainder when 109263 is divided by 759.
726
What is the remainder when 78554324 is divided by 2527?
2
What is the remainder when 4150 is divided by 3651?
499
Calculate the remainder when 16363015 is divided by 2167.
2165
Calculate the remainder when 2566973 is divided by 2023.
1809
What is the remainder when 5515709 is divided by 281?
241
What is the remainder when 5810 is divided by 4320?
1490
Calculate the remainder when 352364 is divided by 812.
768
Calculate the remainder when 1138 is divided by 556.
26
What is the remainder when 41991657 is divided by 90?
87
What is the remainder when 310322954 is divided by 6628?
6622
Calculate the remainder when 2811999 is divided by 7342.
13
What is the remainder when 10584360 is divided by 63?
45
What is the remainder when 16393 is divided by 15880?
513
What is the remainder when 2638210 is divided by 13?
3
What is the remainder when 11618390 is divided by 33971?
308
What is the remainder when 157934 is divided by 4156?
6
What is the remainder when 9267306 is divided by 9?
6
What is the remainder when 361417 is divided by 10952?
1
What is the remainder when 1240527 is divided by 155059?
55
What is the remainder when 2728627 is divided by 577?
571
Calculate the remainder when 120783 is divided by 783.
201
What is the remainder when 66064065 is divided by 275?
265
What is the remainder when 2392598 is divided by 88606?
236
What is the remainder when 30504 is divided by 1223?
1152
Calculate the remainder when 591394 is divided by 204.
202
What is the remainder when 10405156 is divided by 57487?
9
What is the remainder when 41881630 is divided by 81?
13
What is the remainder when 4735799 is divided by 145?
99
What is the remainder when 10902417 is divided by 39?
6
What is the remainder when 70906 is divided by 4847?
3048
Calculate the remainder when 146347817 is divided by 36586953.
5
What is the remainder when 182381 is divided by 16372?
2289
Calculate the remainder when 4804005 is divided by 423.
417
Calculate the remainder when 1846599 is divided by 4675.
4649
Calculate the remainder when 780785 is divided by 708.
569
Calculate the remainder when 1414382 is divided by 832.
814
What is the remainder when 610669 is divided by 43602?
241
Calculate the remainder when 350326 is divided by 175140.
46
Calculate the remainder when 101443113 is divided by 16907184.
9
What is the remainder when 481290 is divided by 247?
134
What is the remainder when 1130971 is divided by 1833?
10
What is the remainder when 11462853 is divided by 3820943?
24
What is the remainder when 99719995 is divided by 45?
40
Calculate the remainder when 102897 is divided by 4131.
3753
Calculate the remainder when 6887627 is divided by 99.
98
What is the remainder when 660274 is divided by 38812?
470
What is the remainder when 295557 is divided by 5576?
29
What is the remainder when 3100793 is divided by 1292?
1285
What is the remainder when 5980578 is divided by 996761?
12
What is the remainder when 548042 is divided by 307?
47
What is the remainder when 848546 is divided by 220?
6
What is the remainder when 922753 is divided by 153733?
355
What is the remainder when 9587 is divided by 148?
115
What is the remainder when 141820 is divided by 1225?
945
Calculate the remainder when 370980 is divided by 37.
18
What is the remainder when 183039 is divided by 2336?
831
Calculate the remainder when 268306 is divided by 268262.
44
What is the remainder when 3649681 is divided by 121656?
1
What is the remainder when 10039717 is divided by 599?
477
What is the remainder when 4456862 is divided by 295?
2
Calculate the remainder when 36439 is divided by 1362.
1027
Calculate the remainder when 137165 is divided by 4387.
1168
What is the remainder when 2002662 is divided by 285?
252
What is the remainder when 654478 is divided by 54538?
22
Calculate the remainder when 765861461 is divided by 18.
17
What is the remainder when 4073 is divided by 527?
384
What is the remainder when 18758713 is divided by 18758669?
44
Calculate the remainder when 10317000 is divided by 539.
1
What is the remainder when 7004443 is divided by 285?
283
Calculate the remainder when 3329428 is divided by 5.
3
Calculate the remainder when 9195 is divided by 289.
236
What is the remainder when 6908406 is divided by 348?
258
Calculate the remainder when 9298804 is divided by 2347.
2337
Calculate the remainder when 17028515 is divided by 75015.
110
What is the remainder when 13392938 is divided by 1674111?
50
What is the remainder when 111642 is divided by 3451?
1210
What is the remainder when 782076 is divided by 373?
268
Calculate the remainder when 3806714 is divided by 1638.
2
Calculate the remainder when 2156 is divided by 370.
306
Calculate the remainder when 23812 is divided by 11728.
356
What is the remainder when 264105 is divided by 13893?
138
Calculate the remainder when 79304 is divided by 19810.
64
What is the remainder when 54982